osite?
False
Is 1129873051 a prime number?
True
Is 6195228131 a composite number?
True
Is 1042914439 prime?
False
Is 70930883311 composite?
False
Is 1498300021 a prime number?
True
Is 11834288629 composite?
True
Is 17321867803 composite?
False
Is 200106211 a prime number?
True
Is 37122850019 a prime number?
False
Is 55202672321 composite?
True
Is 218830517723 a composite number?
False
Is 1355013301 a prime number?
False
Is 242830871 composite?
False
Is 10041677761 a prime number?
True
Is 321261361 prime?
True
Is 24342602791 prime?
False
Is 63457694689 a prime number?
True
Is 332524993451 a composite number?
True
Is 1041145517 composite?
False
Is 21191331338 a composite number?
True
Is 33482969861 composite?
True
Is 87518129 a composite number?
False
Is 24169578101 prime?
True
Is 3458743069 a composite number?
True
Is 146521391 a composite number?
False
Is 1081537615 a prime number?
False
Is 7375433657 prime?
False
Is 52583665357 a prime number?
True
Is 66173501 a prime number?
False
Is 38147631227 a prime number?
True
Is 1281119831 prime?
True
Is 40844832047 prime?
True
Is 2777206793 a prime number?
False
Is 380000519 a prime number?
True
Is 3315540491 a composite number?
False
Is 530283071 a prime number?
False
Is 2273804861 a composite number?
False
Is 8789352191 composite?
True
Is 1708043119 composite?
True
Is 1616890001 a composite number?
False
Is 3199939723 a composite number?
True
Is 49754324947 a prime number?
False
Is 2840485159 a composite number?
False
Is 1956405683 a prime number?
True
Is 119697985417 a prime number?
True
Is 13407853891 composite?
False
Is 1686008083 prime?
True
Is 568058039 a prime number?
True
Is 9361705607 a prime number?
True
Is 2396592053 composite?
True
Is 204046027 a composite number?
False
Is 14824977991 prime?
True
Is 11094026519 prime?
False
Is 113600697941 composite?
False
Is 4966993861 composite?
False
Is 1000692599 a prime number?
True
Is 8741962907 a composite number?
False
Is 38448868061 composite?
False
Is 44783269 prime?
False
Is 33731523803 a composite number?
True
Is 21067723219 prime?
False
Is 344872237 a composite number?
False
Is 965451821 a prime number?
True
Is 1982353561 prime?
False
Is 919448839 prime?
False
Is 993375601 a prime number?
True
Is 2609658211 prime?
False
Is 343115089 a prime number?
True
Is 3138034567 prime?
False
Is 5334694487 a composite number?
False
Is 2542761433 a composite number?
False
Is 3313143149 prime?
False
Is 19516789181 a composite number?
False
Is 98165009 a composite number?
False
Is 1676850361 prime?
False
Is 511591502 prime?
False
Is 885972803 composite?
False
Is 7803328537 prime?
True
Is 27232987591 a composite number?
False
Is 4066589867 a composite number?
True
Is 2108751083 a prime number?
True
Is 1071706879 a composite number?
False
Is 5389285133 a prime number?
False
Is 50177521 prime?
True
Is 7361450729 composite?
True
Is 357318397 prime?
False
Is 21144941021 composite?
True
Is 220747590041 a prime number?
False
Is 333854957 a prime number?
False
Is 2865052217 a prime number?
False
Is 33821661347 prime?
False
Is 22063661201 a composite number?
False
Is 1150563623 a composite number?
True
Is 35379329347 composite?
True
Is 24846457837 prime?
True
Is 655348537 a prime number?
False
Is 11959908811 a composite number?
False
Is 114453049 composite?
True
Is 524796791 prime?
True
Is 93080659193 composite?
False
Is 317034163 prime?
True
Is 10725344347 a prime number?
False
Is 265548083 a prime number?
True
Is 18873691833 a prime number?
False
Is 3564103297 a prime number?
True
Is 110136439 a prime number?
False
Is 933293203 a prime number?
True
Is 39628045 prime?
False
Is 2906375651 prime?
False
Is 1054940891 prime?
True
Is 1555822871 composite?
False
Is 74856331 prime?
False
Is 30658605013 composite?
True
Is 4083782137 a composite number?
True
Is 608892643 a prime number?
True
Is 196579227521 composite?
False
Is 6073821679 composite?
False
Is 21506586167 a composite number?
True
Is 444799787 composite?
False
Is 15285032257 a composite number?
True
Is 4192468513 a prime number?
False
Is 2324979773 a prime number?
True
Is 4785010409 a prime number?
False
Is 1344193763 a composite number?
True
Is 8969053751 a composite number?
True
Is 153725513 prime?
False
Is 221028797027 composite?
True
Is 2843403967 prime?
True
Is 49644480253 a prime number?
False
Is 8802820049 a prime number?
True
Is 78173949457 a prime number?
True
Is 6675243371 prime?
False
Is 113914228361 a composite number?
True
Is 97736272349 composite?
True
Is 1030588817 prime?
True
Is 48708794477 a composite number?
True
Is 269638123 composite?
True
Is 168310847 a prime number?
False
Is 1500500959 composite?
False
Is 661015087 a prime number?
True
Is 1323647671 prime?
True
Is 1712243123 prime?
False
Is 407987191 prime?
True
Is 11291438329 a prime number?
False
Is 107589167971 composite?
True
Is 4048654721 composite?
False
Is 2015579371 a composite number?
True
Is 1578868117 a prime number?
True
Is 12160546819 a prime number?
False
Is 224806913 composite?
False
Is 22988385769 a composite number?
False
Is 6131595817 prime?
False
Is 18736857047 a prime number?
True
Is 3835809179 a composite number?
False
Is 77480346607 a prime number?
False
Is 21186853099 a prime number?
True
Is 56726178347 a prime number?
False
Is 5803502113 a prime number?
False
Is 1626028447 a composite number?
True
Is 38084082802 composite?
True
Is 2457899578 a prime number?
False
Is 30848441977 a prime number?
False
Is 613303763 a composite number?
True
Is 5513661137 prime?
False
Is 33569252987 a prime number?
False
Is 158765618083 composite?
False
Is 245208127 a prime number?
False
Is 39887566063 a prime number?
True
Is 751399829 prime?
True
Is 45075413 composite?
True
Is 897477359 a prime number?
True
Is 13574547139 prime?
False
Is 1994333701 a composite number?
False
Is 6346222681 a composite number?
True
Is 362411965447 a composite number?
True
Is 10431617539 a prime number?
False
Is 281308997 a prime number?
True
Is 1133028499 a prime number?
True
Is 23951881469 a composite number?
False
Is 2344682633 composite?
True
Is 9295438709 composite?
True
Is 2019171319 a composite number?
True
Is 190086935 prime?
False
Is 144499477 prime?
False
Is 26254241122 prime?
False
Is 35956549481 prime?
True
Is 1853375669 prime?
True
Is 37527232727 prime?
True
Is 625687037 composite?
False
Is 23434789111 prime?
True
Is 22276270033 a prime number?
False
Is 90748844639 composite?
True
Is 21856747157 a prime number?
False
Is 1508376871 prime?
True
Is 86649193 a composite number?
False
Is 189017047 prime?
True
Is 5666878661 composite?
True
Is 38161443809 composite?
False
Is 3583333531 prime?
True
Is 20164012727 a composite number?
False
Is 2154034081 a composite number?
True
Is 9732580211 composite?
True
Is 444103741 prime?
True
Is 16939621889 prime?
False
Is 137293435 a prime number?
False
Is 301495091 a composite number?
True
Is 641654927 composite?
True
Is 65125591 a composite number?
False
Is 51727159793 composite?
False
Is 1406311369 prime?
True
Is 425134757 prime?
True
Is 2849902229 a composite number?
True
Is 49117239993 a prime number?
False
Is 6780804733 a prime number?
False
Is 19127496391 prime?
False
Is 732668032117 prime?
False
Is 2402951779 prime?
False
Is 6315238669 a prime number?
False
Is 14623875481 a composite number?
False
Is 2127655811 a prime number?
True
Is 5067822677 a prime number?
True
Is 8179000457 composite?
False
Is 3528726937 a prime number?
True
Is 2264767853 prime?
True
Is 3028288193 prime?
False
Is 3338896709 composite?
False
Is 449269449 a composite number?
True
Is 632089751 a composite number?
False
Is 6427367 prime?
True
Is 16733123467 a composite number?
False
Is 1252304309 a composite number?
False
Is 766850069 composite?
True
Is 7070865431 a prime number?
False
Is 3486608327 a prime number?
True
Is 31748419627 a prime number?
False
Is 1419189979 composite?
False
Is 16894465361 prime?
True
Is 3554174813 a prime number?
False
Is 32483131 prime?
False
Is 207525670445 a composite number?
True
Is 4053255881 a composite number?
True
Is 2515915471 composite?
False
Is 14299390157 a prime number?
False
Is 3328886711 a prime number?
False
Is 97585871 prime?
True
Is 2027414993 a prime number?
True
Is 13839980639 prime